0100011?
100011000100111
In base 10, what is 143 + 448?
591
In base 15, what is -12 - -11361?
1134e
In base 8, what is 102325 - 35?
102270
In base 8, what is 2 - 23731?
-23727
In base 3, what is 2212 + 12121211?
12201200
In base 14, what is -4c13c + 4?
-4c138
In base 11, what is -4788a0 - 5?
-4788a5
In base 12, what is 6137 - -a7?
6222
In base 12, what is -107b9 + 2?
-107b7
In base 5, what is 30431 + 1?
30432
In base 5, what is 201 - 4144?
-3443
In base 5, what is 14410404 - -12?
14410421
In base 6, what is 0 - -233105?
233105
In base 5, what is 44 - 344143?
-344044
In base 6, what is 134222 - 222?
134000
In base 12, what is 347 - 17?
330
In base 4, what is 223030020 + -1?
223030013
In base 5, what is 0 + -2411433?
-2411433
In base 12, what is -1b3762 - 0?
-1b3762
In base 5, what is -1303234 + -33?
-1303322
In base 12, what is -31a77 + -6?
-31a81
In base 6, what is -11 - -1111424?
1111413
In base 11, what is -64 - 38?
-a1
In base 13, what is -24c + bb0?
961
In base 15, what is -c5 - 203?
-2c8
In base 10, what is -7747 + 4?
-7743
In base 6, what is 335134 - -3?
335141
In base 15, what is -4 + 763?
75e
In base 8, what is -12 - 7165?
-7177
In base 7, what is 21415 + -5?
21410
In base 3, what is 20 - 111211112?
-111211022
In base 4, what is -210201301 - 10?
-210201311
In base 2, what is -1011101000101 + -100011?
-1011101101000
In base 10, what is 507 + -354?
153
In base 10, what is -18 - -36704?
36686
In base 8, what is 2457411 + 2?
2457413
In base 2, what is -10101001101101 + 0?
-10101001101101
In base 10, what is 4 + 2189?
2193
In base 5, what is -243 + 411?
113
In base 7, what is -65 - -5402?
5304
In base 6, what is -114104 + -14?
-114122
In base 4, what is -121 - 1202232?
-1203013
In base 2, what is -110 + 11100111001010?
11100111000100
In base 15, what is 53 + -3b3?
-360
In base 13, what is -6 - -b2a9?
b2a3
In base 10, what is -287 - -165?
-122
In base 11, what is 0 + 21756a?
21756a
In base 6, what is 240 - -13245?
13525
In base 14, what is d + 13970?
1397d
In base 8, what is 365 - -317?
704
In base 5, what is 1131 + -23131?
-22000
In base 6, what is 0 - -4225050?
4225050
In base 11, what is -6 + 7288?
7282
In base 16, what is -2e4 + -32?
-316
In base 3, what is 2100120010 + -11110?
2100101200
In base 3, what is 2212 - 2210?
2
In base 16, what is f - 365a?
-364b
In base 3, what is -1002221010 - 0?
-1002221010
In base 5, what is 334201112 + 0?
334201112
In base 3, what is 20 + -11211?
-11121
In base 15, what is -100 - -1863?
1763
In base 6, what is -1035 + -104453?
-105532
In base 9, what is 7521487 - 0?
7521487
In base 12, what is -7 + 9356?
934b
In base 6, what is 4125415 - 0?
4125415
In base 2, what is -111101 - 110001000011?
-110010000000
In base 2, what is 110100001 + -1010011?
101001110
In base 3, what is -20112121010 - 10?
-20112121020
In base 14, what is 70b49 - 5?
70b44
In base 16, what is -9bc + -47?
-a03
In base 11, what is -36889 + -6?
-36894
In base 6, what is 4 + -20545?
-20541
In base 11, what is 739 + -23?
716
In base 4, what is -100000 - -2113?
-31221
In base 7, what is 305665 + 1?
305666
In base 11, what is -73 - -300?
238
In base 8, what is 2 - -3037606?
3037610
In base 6, what is -252 + -105104?
-105400
In base 7, what is 113 + 323511?
323624
In base 12, what is -1 - -6b077?
6b076
In base 3, what is 0 + 121202?
121202
In base 15, what is 29033 + -1?
29032
In base 13, what is -1329 - 5a?
-1386
In base 3, what is 2002101011 + -211?
2002100100
In base 15, what is -9300 - 0?
-9300
In base 9, what is -2 + -507006?
-507008
In base 6, what is 301 - 1424?
-1123
In base 14, what is -26a2a + -2?
-26a2c
In base 10, what is 124 - -1741?
1865
In base 15, what is 859 + -4c?
80c
In base 16, what is -23d + 2ee?
b1
In base 11, what is -420 + -46?
-466
In base 8, what is 360 - -155?
535
In base 6, what is 310 + -1045044?
-1044334
In base 9, what is -3 - 664?
-667
In base 10, what is -757216 + 2?
-757214
In base 6, what is -324 + 31514?
31150
In base 13, what is -2029 + 74?
-1c85
In base 10, what is 7 - 12720?
-12713
In base 15, what is -84 + e?
-75
In base 10, what is -1663 + -80?
-1743
In base 12, what is 531 - -147?
678
In base 10, what is -514 + -1380?
-1894
In base 5, what is 123 - 1401432?
-1401304
In base 15, what is -26d - 2a2?
-520
In base 10, what is -2 + 17075?
17073
In base 8, what is -2 - -105101?
105077
In base 5, what is -20 + 240111?
240041
In base 6, what is -10 + -211320?
-211330
In base 5, what is 4 + -111222133?
-111222124
In base 12, what is 2 + 1560b9?
1560bb
In base 14, what is -277 - -7?
-270
In base 15, what is 2638 - -1?
2639
In base 2, what is 11100000111111 - -110?
11100001000101
In base 7, what is 23 - 10232?
-10206
In base 16, what is 12f04 + 5?
12f09
In base 4, what is -1 - -221012?
221011
In base 16, what is 1 - -c7b0?
c7b1
In base 11, what is -36 + 25679?
25643
In base 5, what is -140312 + -21?
-140333
In base 10, what is -148278 - -4?
-148274
In base 15, what is 5 + a1?
a6
In base 9, what is 3850 - 305?
3544
In base 15, what is 81c4a + 5?
81c50
In base 8, what is 0 - 31067?
-31067
In base 4, what is 1 - 11001222?
-11001221
In base 7, what is 1034 - 345?
356
In base 16, what is -31 - -d03?
cd2
In base 5, what is -23214 + -12?
-23231
In base 16, what is 6 - -28ce?
28d4
In base 15, what is -198ac + -1?
-198ad
In base 6, what is 4033 - 11103?
-3030
In base 11, what is -5 - -520762?
520758
In base 13, what is 406c + -3?
4069
In base 2, what is 101 - -10001100001?
10001100110
In base 7, what is -2635503 - -5?
-2635465
In base 14, what is -228d - -4?
-2289
In base 14, what is c76 - -9c?
d34
In base 4, what is 103012 + -12?
103000
In base 3, what is -1002 + 21011222?
21010220
In base 15, what is -23d9e + 4?
-23d9a
In base 11, what is -14979 + -71?
-14a3a
In base 3, what is 201000220 - -112?
201001102
In base 14, what is -17d + -7?
-186
In base 10, what is -523 - 1569?
-2092
In base 10, what is 7 - -4292?
4299
In base 16, what is 416a + -1d?
414d
In base 7, what is -46556 + 11?
-46545
In base 5, what is 11214420 - -2?
11214422
In base 12, what is -2a197 + 0?
-2a197
In base 13, what is -541b + -3?
-5421
In base 16, what is 30c - 1ae?
15e
In base 12, what is 1261 + -167a?
-419
In base 16, what is 34 + 209?
23d
In base 7, what is -4 + 12561?
12554
In base 3, what is 102011 - 10201211?
-10022200
In base 2, what is 101 - 1100010010010010?
-1100010010001101
In base 8, what is 206 - 170?
16
In base 12, what is -2 + -23281?
-23283
In base 6, what is -4 - 25404?
-25412
In base 16, what is b35 + -67?
ace
In base 16, what is -5 - 7b0f7?
-7b0fc
In base 12, what is 87 - -272a?
27b5
In base 15, what is -a58de7 - 4?
-a58deb
In base 3, what is 2122 - -201101?
211000
In base 12, what is -a + -8922?
-8930
In base 4, what is -213220302 + -2?
-213220310
In base 14, what is -15 + a9?
94
In base 10, what is -4482 + -21?
-4503
In base 6, what is 2101111 + 140?
2101251
In base 16, what is -8 - -3fe3?
3fdb
In base 10, what is -31 - 128?
-159
In base 10, what is 3827 + 45?
3872
In base 9, what is 206640 - 73?
206556
In base 3, what is -101201011101 - 0?
-101201011101
In base 15, what is -8bb38 + -1?
-8bb39
In base 11, what is -16 - 5377?
-5392
In base 6, what is -21143 - -5?
-21134
In base 9, what is -1 - 130310?
-130311
In base 12, what is -13 - 1b456?
-1b469
In base 11, what is -1718 - a47?
-2664
In base 13, what is -11 - 2a?
-3b
In base 6, what is 1130530 + -1?
1130525
In base 3, what is 1 - 102112010211?
-102112010210
In base 11, what is -5 + 44703?
446a9
In base 6, what is 40413 - -4?
40421
In base 2, what is -1011010010 - 1100110001?
-11000000011
In base 15, what is 2 + 893d0?
893d2
In base 14, what is 353 - -29?
37c
In base 10, what is 537067 + -2?
537065
In base 14, what is 17ca - 4?
17c6
In base 5, what is -4 + -1012234334?
-1012234343
In base 7, what is 31 - 20052?
-20021
In base 11, what is 10 + 235a?
236a
In base 16, what is -3c - -aa?
6e
In base 8, what is 3435076 + 3?
3435101
In base 16, what is 9 - 671?
-668
In base 5, what is -20334 - 22?
-20411
In base 15, what is -9 - 1961?
-196a
In base 8, what is 7 - -16341?
16350
In base 5, what is -211041 + 4?
-211032
In base 15, what is 73 + -1bbb?
-1b48
In base 15, what is -6bd7 + 3?
-6bd4
In base 16, what is a9490 - -4?
a9494
In base 4, what is 12103231310 - 1?
12103231303
In base